{"id":47,"date":"2025-11-01T22:13:14","date_gmt":"2025-11-01T22:13:14","guid":{"rendered":"https:\/\/www.iichelbangheorghe.com\/?page_id=47"},"modified":"2025-11-03T19:02:42","modified_gmt":"2025-11-03T19:02:42","slug":"%f0%9f%a9%ba-chirurgie-dento-alveolara-de-ambulator","status":"publish","type":"page","link":"https:\/\/www.iichelbangheorghe.com\/?page_id=47","title":{"rendered":"\u2695\ufe0f Chirurgie dento-alveolar\u0103 (de ambulator)"},"content":{"rendered":"\n<div class=\"wp-block-media-text is-stacked-on-mobile\"><figure class=\"wp-block-media-text__media\"><img loading=\"lazy\" decoding=\"async\" width=\"600\" height=\"400\" src=\"https:\/\/techdo.biz\/iichelbangheorghe\/wp-content\/uploads\/2025\/11\/depositphotos_496469696-stock-photo-wisdom-tooth-extraction-surgery-progress.webp\" alt=\"\" class=\"wp-image-235 size-full\" srcset=\"https:\/\/www.iichelbangheorghe.com\/wp-content\/uploads\/2025\/11\/depositphotos_496469696-stock-photo-wisdom-tooth-extraction-surgery-progress.webp 600w, https:\/\/www.iichelbangheorghe.com\/wp-content\/uploads\/2025\/11\/depositphotos_496469696-stock-photo-wisdom-tooth-extraction-surgery-progress-300x200.webp 300w\" sizes=\"auto, (max-width: 600px) 100vw, 600px\" \/><\/figure><div class=\"wp-block-media-text__content\">\n<p>Chirurgia dento-alveolar\u0103 se ocup\u0103 de interven\u021biile chirurgicale realizate la nivelul din\u021bilor \u0219i al structurilor de sus\u021binere (os alveolar \u0219i gingie). Printre cele mai frecvente proceduri se num\u0103r\u0103 extrac\u021biile dentare simple sau complexe, \u00eendep\u0103rtarea molarilor de minte inclu\u0219i, rezec\u021biile apicale, tratamentul chisturilor dento-alveolare \u0219i regularizarea crestelor osoase. Toate interven\u021biile se efectueaz\u0103 \u00een condi\u021bii de siguran\u021b\u0103 maxim\u0103, sub anestezie local\u0103, cu respectarea celor mai \u00eenalte standarde de igien\u0103 \u0219i confort postoperator.<\/p>\n<\/div><\/div>\n","protected":false},"excerpt":{"rendered":"<p>Chirurgia dento-alveolar\u0103 se ocup\u0103 de interven\u021biile chirurgicale realizate la nivelul din\u021bilor \u0219i al structurilor de sus\u021binere (os alveolar \u0219i gingie). Printre cele mai frecvente proceduri se num\u0103r\u0103 extrac\u021biile dentare simple sau complexe, \u00eendep\u0103rtarea molarilor de minte inclu\u0219i, rezec\u021biile apicale, tratamentul chisturilor dento-alveolare \u0219i regularizarea crestelor osoase. Toate interven\u021biile se efectueaz\u0103 \u00een condi\u021bii de siguran\u021b\u0103 maxim\u0103, [&hellip;]<\/p>\n","protected":false},"author":1,"featured_media":0,"parent":2,"menu_order":0,"comment_status":"closed","ping_status":"closed","template":"","meta":{"_themeisle_gutenberg_block_has_review":false,"footnotes":""},"class_list":["post-47","page","type-page","status-publish","hentry"],"_links":{"self":[{"href":"https:\/\/www.iichelbangheorghe.com\/index.php?rest_route=\/wp\/v2\/pages\/47","targetHints":{"allow":["GET"]}}],"collection":[{"href":"https:\/\/www.iichelbangheorghe.com\/index.php?rest_route=\/wp\/v2\/pages"}],"about":[{"href":"https:\/\/www.iichelbangheorghe.com\/index.php?rest_route=\/wp\/v2\/types\/page"}],"author":[{"embeddable":true,"href":"https:\/\/www.iichelbangheorghe.com\/index.php?rest_route=\/wp\/v2\/users\/1"}],"replies":[{"embeddable":true,"href":"https:\/\/www.iichelbangheorghe.com\/index.php?rest_route=%2Fwp%2Fv2%2Fcomments&post=47"}],"version-history":[{"count":4,"href":"https:\/\/www.iichelbangheorghe.com\/index.php?rest_route=\/wp\/v2\/pages\/47\/revisions"}],"predecessor-version":[{"id":237,"href":"https:\/\/www.iichelbangheorghe.com\/index.php?rest_route=\/wp\/v2\/pages\/47\/revisions\/237"}],"up":[{"embeddable":true,"href":"https:\/\/www.iichelbangheorghe.com\/index.php?rest_route=\/wp\/v2\/pages\/2"}],"wp:attachment":[{"href":"https:\/\/www.iichelbangheorghe.com\/index.php?rest_route=%2Fwp%2Fv2%2Fmedia&parent=47"}],"curies":[{"name":"wp","href":"https:\/\/api.w.org\/{rel}","templated":true}]}}