{"id":51,"date":"2025-11-01T22:14:43","date_gmt":"2025-11-01T22:14:43","guid":{"rendered":"https:\/\/www.iichelbangheorghe.com\/?page_id=51"},"modified":"2025-11-04T14:57:15","modified_gmt":"2025-11-04T14:57:15","slug":"%f0%9f%a7%92-pedodontie-si-stomatologie-pediatrica","status":"publish","type":"page","link":"https:\/\/www.iichelbangheorghe.com\/?page_id=51","title":{"rendered":"\ud83e\uddd2 Pedodon\u021bie \u0219i stomatologie pediatric\u0103"},"content":{"rendered":"\n<div class=\"wp-block-media-text has-media-on-the-right is-stacked-on-mobile\"><div class=\"wp-block-media-text__content\">\n<p>Pedodon\u021bia este ramura stomatologiei dedicat\u0103 copiilor, axat\u0103 pe prevenirea, diagnosticarea \u0219i tratarea afec\u021biunilor dentare specifice v\u00e2rstei fragede. Printr-o abordare empatic\u0103 \u0219i tehnici adaptate copiilor, se creeaz\u0103 o experien\u021b\u0103 pozitiv\u0103 care reduce frica de dentist \u0219i \u00eencurajeaz\u0103 obiceiuri s\u0103n\u0103toase de igien\u0103 oral\u0103. Serviciile includ fluoriz\u0103ri, sigil\u0103ri ale \u0219an\u021burilor \u0219i fosetelor, tratamente pentru carii ale din\u021bilor de lapte \u0219i monitorizarea dezvolt\u0103rii denti\u021biei.<\/p>\n<\/div><figure class=\"wp-block-media-text__media\"><img loading=\"lazy\" decoding=\"async\" width=\"1024\" height=\"684\" src=\"https:\/\/techdo.biz\/iichelbangheorghe\/wp-content\/uploads\/2025\/11\/660c448da42c444a0fb0c0a6_650432525f01e2f960e4b7df_AdobeStock_106818837-1024x684.webp\" alt=\"\" class=\"wp-image-245 size-full\" srcset=\"https:\/\/www.iichelbangheorghe.com\/wp-content\/uploads\/2025\/11\/660c448da42c444a0fb0c0a6_650432525f01e2f960e4b7df_AdobeStock_106818837-1024x684.webp 1024w, https:\/\/www.iichelbangheorghe.com\/wp-content\/uploads\/2025\/11\/660c448da42c444a0fb0c0a6_650432525f01e2f960e4b7df_AdobeStock_106818837-300x200.webp 300w, https:\/\/www.iichelbangheorghe.com\/wp-content\/uploads\/2025\/11\/660c448da42c444a0fb0c0a6_650432525f01e2f960e4b7df_AdobeStock_106818837-768x513.webp 768w, https:\/\/www.iichelbangheorghe.com\/wp-content\/uploads\/2025\/11\/660c448da42c444a0fb0c0a6_650432525f01e2f960e4b7df_AdobeStock_106818837-1536x1025.webp 1536w, https:\/\/www.iichelbangheorghe.com\/wp-content\/uploads\/2025\/11\/660c448da42c444a0fb0c0a6_650432525f01e2f960e4b7df_AdobeStock_106818837.webp 1618w\" sizes=\"auto, (max-width: 1024px) 100vw, 1024px\" \/><\/figure><\/div>\n","protected":false},"excerpt":{"rendered":"<p>Pedodon\u021bia este ramura stomatologiei dedicat\u0103 copiilor, axat\u0103 pe prevenirea, diagnosticarea \u0219i tratarea afec\u021biunilor dentare specifice v\u00e2rstei fragede. Printr-o abordare empatic\u0103 \u0219i tehnici adaptate copiilor, se creeaz\u0103 o experien\u021b\u0103 pozitiv\u0103 care reduce frica de dentist \u0219i \u00eencurajeaz\u0103 obiceiuri s\u0103n\u0103toase de igien\u0103 oral\u0103. Serviciile includ fluoriz\u0103ri, sigil\u0103ri ale \u0219an\u021burilor \u0219i fosetelor, tratamente pentru carii ale din\u021bilor de [&hellip;]<\/p>\n","protected":false},"author":1,"featured_media":0,"parent":2,"menu_order":0,"comment_status":"closed","ping_status":"closed","template":"","meta":{"_themeisle_gutenberg_block_has_review":false,"footnotes":""},"class_list":["post-51","page","type-page","status-publish","hentry"],"_links":{"self":[{"href":"https:\/\/www.iichelbangheorghe.com\/index.php?rest_route=\/wp\/v2\/pages\/51","targetHints":{"allow":["GET"]}}],"collection":[{"href":"https:\/\/www.iichelbangheorghe.com\/index.php?rest_route=\/wp\/v2\/pages"}],"about":[{"href":"https:\/\/www.iichelbangheorghe.com\/index.php?rest_route=\/wp\/v2\/types\/page"}],"author":[{"embeddable":true,"href":"https:\/\/www.iichelbangheorghe.com\/index.php?rest_route=\/wp\/v2\/users\/1"}],"replies":[{"embeddable":true,"href":"https:\/\/www.iichelbangheorghe.com\/index.php?rest_route=%2Fwp%2Fv2%2Fcomments&post=51"}],"version-history":[{"count":4,"href":"https:\/\/www.iichelbangheorghe.com\/index.php?rest_route=\/wp\/v2\/pages\/51\/revisions"}],"predecessor-version":[{"id":256,"href":"https:\/\/www.iichelbangheorghe.com\/index.php?rest_route=\/wp\/v2\/pages\/51\/revisions\/256"}],"up":[{"embeddable":true,"href":"https:\/\/www.iichelbangheorghe.com\/index.php?rest_route=\/wp\/v2\/pages\/2"}],"wp:attachment":[{"href":"https:\/\/www.iichelbangheorghe.com\/index.php?rest_route=%2Fwp%2Fv2%2Fmedia&parent=51"}],"curies":[{"name":"wp","href":"https:\/\/api.w.org\/{rel}","templated":true}]}}