{"id":53,"date":"2025-11-01T22:15:05","date_gmt":"2025-11-01T22:15:05","guid":{"rendered":"https:\/\/www.iichelbangheorghe.com\/?page_id=53"},"modified":"2025-11-03T19:06:58","modified_gmt":"2025-11-03T19:06:58","slug":"%f0%9f%98%81-estetica-dentara","status":"publish","type":"page","link":"https:\/\/www.iichelbangheorghe.com\/?page_id=53","title":{"rendered":"\ud83d\ude01 Estetic\u0103 dentar\u0103"},"content":{"rendered":"\n<p>Estetica dentar\u0103 combin\u0103 principiile medicale cu cele artistice pentru a reda frumuse\u021bea natural\u0103 a z\u00e2mbetului. Serviciile includ albirea profesional\u0103 a din\u021bilor, fa\u021betele dentare (ceramice sau compozite), remodelarea estetic\u0103 a formei din\u021bilor \u0219i tratamentele de reconstruc\u021bie armonioas\u0103 a z\u00e2mbetului. Fiecare tratament este personalizat, av\u00e2nd \u00een vedere tr\u0103s\u0103turile faciale, culoarea pielii \u0219i dorin\u021bele pacientului, pentru un rezultat natural, echilibrat \u0219i de durat\u0103.<\/p>\n\n\n\n<div class=\"wp-block-cover\"><img loading=\"lazy\" decoding=\"async\" width=\"1024\" height=\"819\" class=\"wp-block-cover__image-background wp-image-242\" alt=\"\" src=\"https:\/\/techdo.biz\/iichelbangheorghe\/wp-content\/uploads\/2025\/11\/photo-1670250492416-570b5b7343b1-1024x819.jpg\" data-object-fit=\"cover\" srcset=\"https:\/\/www.iichelbangheorghe.com\/wp-content\/uploads\/2025\/11\/photo-1670250492416-570b5b7343b1-1024x819.jpg 1024w, https:\/\/www.iichelbangheorghe.com\/wp-content\/uploads\/2025\/11\/photo-1670250492416-570b5b7343b1-300x240.jpg 300w, https:\/\/www.iichelbangheorghe.com\/wp-content\/uploads\/2025\/11\/photo-1670250492416-570b5b7343b1-768x614.jpg 768w, https:\/\/www.iichelbangheorghe.com\/wp-content\/uploads\/2025\/11\/photo-1670250492416-570b5b7343b1-1536x1229.jpg 1536w, https:\/\/www.iichelbangheorghe.com\/wp-content\/uploads\/2025\/11\/photo-1670250492416-570b5b7343b1-2048x1638.jpg 2048w\" sizes=\"auto, (max-width: 1024px) 100vw, 1024px\" \/><span aria-hidden=\"true\" class=\"wp-block-cover__background has-background-dim\"><\/span><div class=\"wp-block-cover__inner-container is-layout-flow wp-block-cover-is-layout-flow\">\n<p class=\"has-text-align-center has-large-font-size\"><\/p>\n<\/div><\/div>\n","protected":false},"excerpt":{"rendered":"<p>Estetica dentar\u0103 combin\u0103 principiile medicale cu cele artistice pentru a reda frumuse\u021bea natural\u0103 a z\u00e2mbetului. Serviciile includ albirea profesional\u0103 a din\u021bilor, fa\u021betele dentare (ceramice sau compozite), remodelarea estetic\u0103 a formei din\u021bilor \u0219i tratamentele de reconstruc\u021bie armonioas\u0103 a z\u00e2mbetului. Fiecare tratament este personalizat, av\u00e2nd \u00een vedere tr\u0103s\u0103turile faciale, culoarea pielii \u0219i dorin\u021bele pacientului, pentru un rezultat [&hellip;]<\/p>\n","protected":false},"author":1,"featured_media":0,"parent":2,"menu_order":0,"comment_status":"closed","ping_status":"closed","template":"","meta":{"_themeisle_gutenberg_block_has_review":false,"footnotes":""},"class_list":["post-53","page","type-page","status-publish","hentry"],"_links":{"self":[{"href":"https:\/\/www.iichelbangheorghe.com\/index.php?rest_route=\/wp\/v2\/pages\/53","targetHints":{"allow":["GET"]}}],"collection":[{"href":"https:\/\/www.iichelbangheorghe.com\/index.php?rest_route=\/wp\/v2\/pages"}],"about":[{"href":"https:\/\/www.iichelbangheorghe.com\/index.php?rest_route=\/wp\/v2\/types\/page"}],"author":[{"embeddable":true,"href":"https:\/\/www.iichelbangheorghe.com\/index.php?rest_route=\/wp\/v2\/users\/1"}],"replies":[{"embeddable":true,"href":"https:\/\/www.iichelbangheorghe.com\/index.php?rest_route=%2Fwp%2Fv2%2Fcomments&post=53"}],"version-history":[{"count":3,"href":"https:\/\/www.iichelbangheorghe.com\/index.php?rest_route=\/wp\/v2\/pages\/53\/revisions"}],"predecessor-version":[{"id":244,"href":"https:\/\/www.iichelbangheorghe.com\/index.php?rest_route=\/wp\/v2\/pages\/53\/revisions\/244"}],"up":[{"embeddable":true,"href":"https:\/\/www.iichelbangheorghe.com\/index.php?rest_route=\/wp\/v2\/pages\/2"}],"wp:attachment":[{"href":"https:\/\/www.iichelbangheorghe.com\/index.php?rest_route=%2Fwp%2Fv2%2Fmedia&parent=53"}],"curies":[{"name":"wp","href":"https:\/\/api.w.org\/{rel}","templated":true}]}}